0) - -1)?
2
(5 - 2) + -3 + -1
-1
What is (0 - (21 + -12)) + 15?
6
0 + -3 + (-1 - 0 - -2)
-2
What is -1 + (3 - (4 + 0)) + 0?
-2
What is the value of -4 + 0 - (5 + (-2 - 1))?
-6
What is the value of (3 - 1 - (8 + -8)) + -5?
-3
Evaluate -19 - ((14 - 23) + -1).
-9
Calculate 3 + -5 + 0 + (-7 - -9).
0
What is 6 + -3 + 0 - (-2 + 0)?
5
Calculate -6 + 4 + -3 + 3.
-2
Evaluate -2 - -2 - ((-2 - -2) + -4).
4
-95 - -99 - ((-1 - -4) + 2)
-1
0 + 13 + -25 + 5
-7
What is 6 + 1 - (-1 + (-8 - -11))?
5
Evaluate (-1 + 0 - -2) + -2.
-1
Calculate 1 - -3 - (22 - 14).
-4
Calculate -6 - (-2 + 2 + -8).
2
What is the value of (4 - (-7 - -15)) + 4 + 1?
1
-5 - ((-1 - 4) + (-26 - -25))
1
-6 + 1 + -6 + 1 + 12
2
What is the value of 1 + (7 - (-3 + 8)) + -7?
-4
What is the value of 10 + 3 + -7 - (2 + 11)?
-7
Calculate -63 + 56 - (-1 + -5).
-1
-9 - 1 - (10 + -15)
-5
5 + 9 + -9 + 0 + -4
1
Evaluate -4 + (5 - 4) + 1 + -2.
-4
What is (0 - 0) + (70 - 67)?
3
What is the value of -40 + 43 + 1 + -5?
-1
Evaluate (2 - -3) + (-10 - -9) - 4.
0
What is the value of -7 + 1 + -3 + 7?
-2
What is 3 + (5 - (8 + -4 + 3))?
1
What is the value of 1 + (-13 - (0 - 8))?
-4
What is the value of -2 + 6 - (-1 - -2)?
3
-13 - (8 - 19) - (-1 - -6)
-7
2 - (3 + (-1 - -2))
-2
What is the value of -6 + 1 + -1 + 2?
-4
Evaluate 9 - 12 - (2 - 2).
-3
What is the value of -2 + (-5 + 9 - (6 - 0))?
-4
Calculate (3 + -3 - (-1 - -2)) + 2.
1
Evaluate -4 + (0 - 3 - -4) + 5.
2
What is the value of 3 + (-2 + -5 - (7 + -13))?
2
Evaluate -2 + 3 + -4 + 2.
-1
Evaluate -4 + -1 + (14 - 27) + 24.
6
Calculate (-18 - -17 - (-1 - 2)) + 0.
2
What is (-5 - -1) + 8 + -5 - -4?
3
Calculate 3 + 3 + (-2 - (1 - 2)).
5
Calculate (-4 - 0) + (-18 - -18).
-4
Evaluate (-12 - -9) + (-2 - -2).
-3
-4 - (-2 + -1) - 4
-5
Evaluate 1 + -1 - (10 - 5).
-5
What is 3 - (5 + 0 + -3 - -7)?
-6
13 + (11 + -17 - 0)
7
Evaluate -26 + 35 + (2 - 4).
7
What is 3 + (1 - (4 - 1))?
1
Evaluate 1 + 1 - (-11 + 15 - 7).
5
-1 - (-2 + (2 - -1))
-2
What is the value of -2 + -2 + (37 - 35) - -8?
6
What is -5 - (-5 - 5) - 9 - -10?
6
What is 1 + -6 + 14 - 4?
5
Calculate -1 - (11 + 2 + -10).
-4
Calculate -3 - (1 + -2) - (22 + -25).
1
Calculate -4 + -4 + (0 - -4).
-4
Evaluate 0 + (2 - -5) - 7.
0
Evaluate 6 - (9 - (5 + 2)).
4
30 - 23 - (-3 + 11 - 4)
3
4 - (-1 + 2 - -4)
-1
Calculate (-8 - -3 - -1) + (-2 - -5).
-1
Calculate 5 - (5 - (2 + 1)).
3
Evaluate -2 - (2 - 11) - 3.
4
-3 + 6 - (4 + -3)
2
What is the value of (9 - (19 + -10)) + -1 + -4?
-5
What is the value of 3 + 2 - 4 - (0 - 1)?
2
42 + -31 + (-2 - 8)
1
16 - 1 - (-74 + 82)
7
Evaluate -1 - 1 - -2 - -3.
3
12 + -2 - 7 - -7
10
What is -3 + 2 + (-12 - -7)?
-6
What is the value of (3 - 1) + -7 + 9 - 7?
-3
6 + (-16 - -7) - -1
-2
What is (-1 - -7) + (-8 - -4) + 3?
5
-8 + (-4 - -5) - -3
-4
4 + (-4 - -3 - -2)
5
Evaluate -1 - (-4 + (-8 - -7)).
4
Calculate 12 + -7 + (-4 - -3) + -4.
0
Evaluate -6 + (-6 - -8 - 0 - 1).
-5
-3 - ((-2 - 1) + 0) - -1
1
Calculate -9 + 3 + (1 - -10).
5
Evaluate 8 - (5 + 1 + -3).
5
What is the value of (-3 - -3) + -2 + 0 + -3?
-5
-1 + 1 + (-2 - -2 - -5)
5
What is 33 - 20 - 8 - (3 + 1)?
1
Evaluate -5 + -5 + 4 + 3 - -5.
2
Calculate 4 + (5 - 3) + -3 + -3.
0
Evaluate (6 + -3 - 0) + -8.
-5
-4 + 0 - (3 - (8 - 7))
-6
What is the value of -3 - (0 - 7) - 7?
-3
What is the value of 6 - 4 - (-1 + 0) - -2?
5
What is the value of 1 - 2 - (-8 - (4 - 8))?
3
Calculate (6 - 1) + -2 + -3 - 2.
-2
What is the value of -5 + (-2 + (6 - 2) - -2)?
-1
Evaluate 4 + -6 + (3 - (8 - 12)).
5
Evaluate 2 + -2 + 0 + 1 - -1.
2
What is 8 + -5 - (1 + -1)?
3
What is the value of (5 - -6 - 5) + -3?
3
What is the value of 2 + 0 - 1 - (8 + -2)?
-5
Evaluate -2 + 0 + -22 + 17 + 5.
-2
-3 + 1 + (5 - (1 - -1))
1
Calculate -7 - -1 - 0 - (58 + -61).
-3
What is the value of -4 + (-1 - 0) + 3?
-2
What is the value of -3 + -1 + (-4 - (2 + -10))?
0
Calculate 3 - (-7 + 3 + 4).
3
Evaluate (1 - -5 - (-38 + 42)) + -1.
1
What is 9 + 5 + -4 + -1 + -2?
7
Evaluate 8 + (-4 - -6) + -2 + -1.
7
Calculate -11 + 3 + 1 + 3.
-4
What is the value of 1 + 0 + (2 - 0 - -1)?
4
What is the value of -11 + -1 + 24 + -15?
-3
What is the value of (-13 - -9) + (8 - (0 + 2))?
2
What is 4 - (44 + -36 + (-6 - -1))?
1
Calculate -4 + (1 - -3 - -5 - -2).
7
What is 7 + (-9 - (-7 - -1))?
4
What is the value of -8 + (5 - -2) + -6 + 7?
0
Calculate 23 + (7 - (27 - 7)).
10
What is the value of (-7 - 0) + (7 - 0)?
0
What is 0 + 0 - 8 - 0?
-8
Calculate (-8 - (-5 + 0)) + -1 + -1.
-5
What is the value of 1 - (-5 - -7 - (2 - -4))?
5
-9 + -5 + 17 - (4 + -1)
0
Calculate 2 - (-8 - -12 - 0).
-2
Evaluate 0 + -1 + (7 - 7 - -3).
2
(-12 - 7 - -6) + 8
-5
Calculate 1 + -5 + (3 - 3).
-4
0 - (0 - (-5 + 5))
0
What is -11 - (-9 - (-12 + 8))?
-6
What is -2 - (0 + 7 - (56 - 49))?
-2
What is the value of 2 + (4 - (2 - 2))?
6
Calculate 2 + (4 - 3 - 3) + -2.
-2
Calculate -8 - -11 - (-1 + (0 - -5)).
-1
3 + (7 + -6 + -7 - 4)
-7
What is the value of -1 + (-3 - 2) - -7?
1
What is (3 - -6 - 4) + (-13 - -5)?
-3
Calculate 1 + (8 - 11) - -4.
2
(-2 - -8) + (-7 - 3) + 12
8
What is (-1 - -4) + -6 + 2 + 2?
1
What is (4 - 16 - -29) + -9?
8
Calculate -8 + 4 + -7 + 12.
1
Calculate 7 + 1 + (39 - 51).
-4
Calculate (5 - 8) + (-2 - -2 - -8).
5
What is the value of 1 - (6 + (-6 - (3 - 11)))?
-7
What is -3 - (3 + 1 - 8)?
1
6 + -7 + 3 + -3 + -2
-3
6 - (1 + 2 + 1 + 2)
0
What is the value of (-4 + -3 - -6) + (-2 - -7)?
4
Calculate 0 + -1 + -4 + 2 + -1.
-4
-7 - ((-11 - -10) + -6)
0
What is -1 - (-5 + 3 + -3)?
4
What is (-13 - -25) + -8 + (0 - 6)?
-2
What is the value of -12 - (-9 + -2 + 6) - -6?
-1
2 + 0 - (0 - (0 - 0))
2
What is the value of 10 - (12 - (14 - 7))?
5
Calculate 0 - 5 - (33 - 34).
-4
What is the value of 15 - (7 + 14 + -2)?
-4
Evaluate -1 + -6 + (-8 - -8).
-7
What is the value of -3 + -1 + 1 + -5 + 5?
-3
Evaluate 9 + 18 + -9 + -9.
9
What is the value of -5 + 4 + (-11 - -17) + -12?
-7
Calculate 7 + -7 - (-2 + 3).
-1
Evaluate (13 + -2 - 11) + (1 - 3).
-2
Evaluate 13 + -9 + 6 + -6.
4
Evaluate 9 + (3 - 5) + -4 - 2.
1
Calculate 0 + -1 + (-9 - (-8 + 3)).
-5
8 + (-8 - 0 - -1) + 4
5
Evaluate (-2 - 2) + 2 + 0.
-2
Evaluate -3 + 0 + 1 - (-3 - 0).
1
What is the value of 2 + 1 - (0 - -3 - 6)?
6
Evaluate -2 + -1 + 3 - 5.
-5
Evaluate 0 + -1 - (2 - (-2 - -5)).
0
Calculate 0 - (-7 + 4) - 0.
3
Evaluate (-13 - 0) + 1 + 7 + -3.
-8
(9 - 1 - (5 - 1)) + -8
-4
What is 5 + -1 + -2 + (6 - 8)?
0
(-7 - -2) + (0 - 2) + 11
4
Calculate 5 - (6 + (6 - (-2 - -4))).
-5
What is the value of (7 - (-3 - -7)) + 11 + -9?
5
What is the value of -5 + -1 + -2 + 4?
-4
Evaluate -2 - -8 - (2 - 1).
5
Evaluate -8 - -3 - -5 - 2.
-2
What is the value of -4 - (1 + 1 + -5)?
-1
What is the value of 2 + -4 + 4 + 4 + -2?
4
Evaluate 3 - 1 - 5 - (2 - 4).
-1
What is the value of (-30 - -23) + 1 + 10?
4
What is -1 - (1 + (3 - 6))?
1
What is the value of -15 + (-15 - -7) - -14?
-9
1 - 3 - (-5 - -8 - 2)
-3
Calculate (-1 - -1) + -2 + 20 + -23.
-5
-5 + (-7 - (-5 + 3 + -3))
-7
Evaluate -3 - (-12 + 4) - 9 - -8.
4
Calculate 9 - -1 - (-20 + 23).
7
What is the value of 0 - 0 - (92 - 94)?
2
What is (55 - 64) + 8 + 0?
-1
What is the value of 2 - (-5 + -2 + 10)?
-1
Calculate (-2 - -1) + 2 + (-262 - -259).
-2
What is 5 + (-3 - (10 - (0 + 7)))?
-1
What is -62 - -56 - (-1 + -2)?
-3
Calculate (6 - (4 + -3)) + (-2 - -1).
4
Calculate (0 - -8) + (2 + 0 - 2).
8
Evaluate -1 - ((-4 + 8 - 6) + 4).
-3
Calculate (4 - 1) + (1 + 2 - -4).
10
4 - (4 + (-3 - 0 - 0))
3
What is -7 + (-6 - (-4 - (-7 + 6)))?
-10
What is -6 - 1 - (-19 + 18)?
-6
What is -6 + (6 - -3) - (-1 + -2)?
6
What is 4 + (9 - 0) + -7?
6
1 - 0 - (-27 + 31)
-3
What is the value of 2 + 5 - (4 - (1 - -1))?
5
What is 69 - 63 - (-1 + 1 + 1)?
5
Calculate -4 + -8 + 1 + 8 + 6.
3
2 - ((0 - -8) + -3)
-3
Calculate (-2 + 11 - 5) + (-10 - -3).
-3
Evaluate (8 - 3) + -58 + 44.
-9
What is the value of 5 + -3 + 3 - (0 - -1)?
4
Evaluate -10 + 9 + 0 + -5.
-6
Calculate -6 - 3 - -4 - 3.
-8
Evaluate 1 - -3 - (-4 - -8).
0
What is (-4 - -3) + (3 - (-3 - -10))?
-5
Calculate 2 + 1 - (-11 - -15).
-1
What is the value of -2 + 0 + -1 + 3 - -3?
3
What is the value of 7 - -1 - 5 - 2?
1
Evaluate -1 - (-1 + 2) - (1 - -1).
-4
What is 14 - (14 - 1) - (8 + 0)?
-7
Calculate 0 + 4 + -7 + (-1 - -3).
-1
Calculate 2 - 0 - ((1 - -4) + -3).
0
What is the value of (4 - (-3 + (2 - -2))) + -7?
-4
What 